 prime factors of 57803383?
11, 17, 309109
What are the prime factors of 222513073?
222513073
What are the prime factors of 165072986?
2, 13, 101, 62861
What are the prime factors of 648275158?
2, 8747, 37057
List the prime factors of 242301139.
461, 525599
List the prime factors of 599213.
599213
What are the prime factors of 24633597?
3, 101, 81299
What are the prime factors of 316686802?
2, 8209, 19289
List the prime factors of 935524707.
3, 13, 47, 510379
List the prime factors of 52960681.
47, 1126823
List the prime factors of 4136682579.
3, 1021, 1350533
List the prime factors of 974349839.
89, 10947751
What are the prime factors of 60153681?
3, 7, 79, 101, 359
List the prime factors of 46230765.
3, 5, 7, 31, 2029
What are the prime factors of 241174133?
241174133
List the prime factors of 90576522.
2, 3, 1677343
What are the prime factors of 1045587128?
2, 1319, 99089
What are the prime factors of 728836410?
2, 3, 5, 17, 29, 49279
What are the prime factors of 29146009?
167, 174527
What are the prime factors of 1373856290?
2, 5, 41, 277, 12097
List the prime factors of 83194675.
5, 3327787
What are the prime factors of 38938253?
223, 283, 617
What are the prime factors of 998809708?
2, 13, 19, 31, 32611
List the prime factors of 1580613962.
2, 790306981
List the prime factors of 86214734.
2, 281, 153407
What are the prime factors of 1009579046?
2, 7, 31, 332317
List the prime factors of 1374648405.
3, 5, 13, 7049479
What are the prime factors of 1749891396?
2, 3, 11, 17, 79, 9871
What are the prime factors of 2242826070?
2, 3, 5, 29, 733, 3517
List the prime factors of 66466176.
2, 3, 7, 79, 313
What are the prime factors of 50906917?
859, 59263
List the prime factors of 333317142.
2, 3, 281, 65899
What are the prime factors of 71461093?
11, 431, 15073
What are the prime factors of 4036400333?
7, 349, 4817
List the prime factors of 8886098.
2, 13, 341773
List the prime factors of 767695475.
5, 19, 1616201
What are the prime factors of 54601909?
17, 409, 7853
List the prime factors of 779878473.
3, 11, 47, 61, 8243
What are the prime factors of 5238823875?
3, 5, 59, 236783
List the prime factors of 45020146.
2, 271, 83063
What are the prime factors of 453014891?
7, 19, 367, 9281
What are the prime factors of 111070828?
2, 11, 53, 47629
What are the prime factors of 573590776?
2, 11, 6518077
List the prime factors of 1271827859.
1271827859
What are the prime factors of 89204677?
19, 4694983
List the prime factors of 167369815.
5, 33473963
List the prime factors of 86727461.
86727461
What are the prime factors of 146658378?
2, 3, 19, 373, 3449
List the prime factors of 637421544.
2, 3, 137, 64621
What are the prime factors of 119931197?
1493, 80329
List the prime factors of 93389659.
11, 8489969
What are the prime factors of 246139488?
2, 3, 7, 83, 1471
List the prime factors of 317424215.
5, 3907, 16249
What are the prime factors of 41694002?
2, 7, 59, 7211
List the prime factors of 199040018.
2, 47, 2117447
List the prime factors of 12626378.
2, 6313189
What are the prime factors of 514262222?
2, 173, 233, 6379
List the prime factors of 82603679.
107, 771997
List the prime factors of 107296627.
107296627
What are the prime factors of 2151145176?
2, 3, 43, 2084443
What are the prime factors of 6250589?
1213, 5153
What are the prime factors of 96780350?
2, 5, 127, 15241
What are the prime factors of 339845610?
2, 3, 5, 13, 89, 9791
List the prime factors of 491928334.
2, 29, 647, 13109
List the prime factors of 69590388.
2, 3, 7, 19, 6229
What are the prime factors of 3752941?
199, 18859
List the prime factors of 137861518.
2, 131, 526189
List the prime factors of 809900510.
2, 5, 80990051
List the prime factors of 428362276.
2, 107090569
List the prime factors of 196494275.
5, 31, 71, 3571
What are the prime factors of 1386161283?
3, 13, 17, 19, 110039
List the prime factors of 82247620.
2, 5, 7, 13, 45191
List the prime factors of 63778076.
2, 29, 18959
List the prime factors of 4104411337.
13, 17, 83, 223759
List the prime factors of 92729145.
3, 5, 6181943
What are the prime factors of 581565163?
193, 211, 14281
List the prime factors of 151833708.
2, 3, 13, 324431
List the prime factors of 1152441022.
2, 43, 179, 1741
List the prime factors of 85671102.
2, 3, 11, 1298047
List the prime factors of 3078280726.
2, 353, 4360171
What are the prime factors of 139460996?
2, 17, 120641
List the prime factors of 524718342.
2, 3, 167, 173, 1009
List the prime factors of 35924061.
3, 1787, 6701
What are the prime factors of 29321189?
1231, 23819
List the prime factors of 41118147.
3, 7, 19, 34351
List the prime factors of 3636316500.
2, 3, 5, 43, 56377
What are the prime factors of 3869568969?
3, 7, 127, 1450907
List the prime factors of 1162740400.
2, 5, 2906851
List the prime factors of 200759951.
7, 181, 193, 821
List the prime factors of 333092343.
3, 111030781
List the prime factors of 3257174572.
2, 53, 223, 68897
What are the prime factors of 497651389?
497651389
What are the prime factors of 162106296?
2, 3, 11, 677, 907
List the prime factors of 402192516.
2, 3, 11, 37, 82349
What are the prime factors of 247304134?
2, 7, 11, 17, 94463
What are the prime factors of 28191742?
2, 14095871
List the prime factors of 7000802379.
3, 86429659
What are the prime factors of 11926117?
7, 1703731
What are the prime factors of 163480995?
3, 5, 619, 5869
What are the prime factors of 38768625?
3, 5, 7, 547
What are the prime factors of 37579210?
2, 5, 1103, 3407
List the prime factors of 2450592953.
239, 701, 14627
List the prime factors of 3208601738.
2, 1604300869
List the prime factors of 1735736478.
2, 3, 7, 29, 1425071
List the prime factors of 741063389.
11, 67369399
What are the prime factors of 26727582?
2, 3, 7, 53, 12007
List the prime factors of 257563576.
2, 71, 467, 971
List the prime factors of 819815378.
2, 17, 109, 157, 1409
List the prime factors of 505005313.
19, 73, 89, 4091
What are the prime factors of 113559159?
3, 7, 2011, 2689
List the prime factors of 597439298.
2, 71, 4207319
What are the prime factors of 89135395?
5, 17827079
What are the prime factors of 1611299198?
2, 5573, 144563
What are the prime factors of 456508248?
2, 3, 7, 113, 139, 173
List the prime factors of 810259909.
810259909
List the prime factors of 12264138.
2, 3, 681341
What are the prime factors of 9744521?
89, 103, 1063
List the prime factors of 62876530.
2, 5, 229, 27457
List the prime factors of 79717182.
2, 3, 17, 31, 1483
What are the prime factors of 449635620?
2, 3, 5, 7, 1070561
What are the prime factors of 1243754776?
2, 11, 199, 71023
What are the prime factors of 90868748?
2, 139, 163433
What are the prime factors of 25743172?
2, 7, 13, 197, 359
What are the prime factors of 572637193?
572637193
List the prime factors of 42173038.
2, 677, 31147
List the prime factors of 823597363.
23, 257, 139333
What are the prime factors of 2192329585?
5, 438465917
What are the prime factors of 3188390042?
2, 23, 47, 71, 20771
List the prime factors of 30683829.
3, 11, 929813
What are the prime factors of 84602473?
84602473
List the prime factors of 480103683.
3, 463, 345647
List the prime factors of 339839284.
2, 29, 743, 3943
List the prime factors of 86663350.
2, 5, 1733267
What are the prime factors of 200171819?
97, 2063627
What are the prime factors of 57974441?
7, 8282063
What are the prime factors of 321337207?
307, 1046701
List the prime factors of 466793183.
1117, 417899
List the prime factors of 5928825553.
7, 1559, 543281
List the prime factors of 388169193.
3, 47, 1223, 2251
List the prime factors of 30642093.
3, 499, 6823
List the prime factors of 214565973.
3, 31, 2307161
List the prime factors of 22713947.
22713947
List the prime factors of 3379570651.
29, 67, 1739357
List the prime factors of 89948686.
2, 59, 762277
What are the prime factors of 2529644506?
2, 17, 43, 1730263
List the prime factors of 192200593.
13, 2113, 6997
What are the prime factors of 89233252?
2, 31, 59, 12197
List the prime factors of 87776130.
2, 3, 5, 13, 225067
What are the prime factors of 26543734?
2, 7, 1895981
List the prime factors of 792042959.
173, 179, 25577
What are the prime factors of 96755497?
3041, 31817
List the prime factors of 1598045872.
2,